01 (base 4) to base 13.
-8535
What is -559 (base 11) in base 15?
-2e9
Convert d0 (base 16) to base 11.
17a
What is -1232 (base 10) in base 12?
-868
Convert -c94a (base 15) to base 9.
-64377
-2102121 (base 4) to base 7
-36213
-757d (base 14) to base 13
-9316
What is 2631 (base 11) in base 5?
102142
6210 (base 9) to base 15
1530
da3 (base 15) to base 14
119c
What is 4424 (base 6) in base 8?
2000
374 (base 13) to base 14
310
What is -103004 (base 5) in base 7?
-13134
-25110 (base 6) to base 16
-e82
What is -22002111 (base 3) in base 12?
-34b7
-11121022 (base 3) to base 11
-2581
107 (base 15) to base 2
11101000
-11d4 (base 16) to base 7
-16210
-5 (base 10) to base 14
-5
What is -5168 (base 10) in base 12?
-2ba8
-3ac (base 15) to base 6
-3513
What is -2a3 (base 16) in base 15?
-300
-31665 (base 8) to base 11
-9a44
Convert -1201 (base 10) to base 3.
-1122111
2b23 (base 13) to base 5
200112
What is 121 (base 14) in base 5?
1400
What is 1107 (base 9) in base 14?
425
Convert 4013 (base 5) to base 8.
774
2013 (base 5) to base 12
196
3937 (base 11) to base 16
1402
Convert -1101000001 (base 2) to base 7.
-2300
What is 307a3 (base 12) in base 9?
105786
Convert 4414 (base 5) to base 12.
429
Convert 1100100000111 (base 2) to base 16.
1907
-1372 (base 8) to base 2
-1011111010
Convert -114 (base 7) to base 4.
-330
What is 100000001111 (base 2) in base 7?
6005
-10201 (base 6) to base 16
-559
-443 (base 16) to base 10
-1091
What is -50166 (base 7) in base 9?
-17536
What is -237 (base 14) in base 6?
-2013
Convert 1301 (base 5) to base 9.
243
Convert 5148 (base 11) to base 12.
3b50
Convert -1111100 (base 2) to base 7.
-235
Convert -834 (base 14) to base 9.
-2183
Convert -7bda (base 16) to base 5.
-2003311
What is 1100111000011 (base 2) in base 12?
3997
-1335 (base 9) to base 13
-5c3
Convert 1b4 (base 15) to base 2.
110001010
7b (base 12) to base 4
1133
Convert -29a07 (base 12) to base 14.
-17447
Convert 250 (base 7) to base 16.
85
Convert -1110 (base 9) to base 7.
-2250
Convert -68b2 (base 13) to base 11.
-10035
What is -14103 (base 6) in base 12?
-1333
Convert 596c (base 13) to base 12.
7358
-906 (base 12) to base 4
-110112
What is 2713 (base 8) in base 5?
21413
Convert 1704d (base 15) to base 7.
426454
Convert 12634 (base 7) to base 2.
110101001110
-3530 (base 6) to base 4
-31032
What is -1314303 (base 5) in base 10?
-26203
Convert -a1 (base 13) to base 5.
-1011
Convert -293 (base 16) to base 2.
-1010010011
What is 42314 (base 6) in base 16?
1666
What is 1067 (base 8) in base 9?
700
What is 443 (base 13) in base 12?
50b
-13320 (base 6) to base 3
-2211110
What is -2930 (base 14) in base 11?
-5531
Convert 2270 (base 12) to base 6.
25420
-42155 (base 7) to base 11
-7886
11000000111 (base 2) to base 10
1543
What is 3643 (base 7) in base 2?
10101001010
What is -4080 (base 9) in base 4?
-232230
Convert 4627 (base 8) to base 6.
15211
What is 42011 (base 5) in base 13?
1340
-1221102 (base 4) to base 12
-3a96
11653 (base 10) to base 8
26605
-101000000 (base 2) to base 5
-2240
What is 255 (base 7) in base 8?
212
What is 16c7 (base 14) in base 10?
4095
-32932 (base 10) to base 4
-20002210
-110101011010 (base 2) to base 8
-6532
-111433 (base 6) to base 13
-43c2
What is -4116 (base 10) in base 7?
-15000
Convert -64c (base 15) to base 12.
-9a6
What is 2102022 (base 4) in base 6?
111150
What is -1000010110101100 (base 2) in base 9?
-51842
-136c (base 15) to base 7
-15051
Convert -6002 (base 10) to base 4.
-1131302
What is 4871 (base 9) in base 16?
e2c
What is 817 (base 12) in base 3?
1121101
What is -311202 (base 4) in base 2?
-110101100010
What is -3100331 (base 4) in base 6?
-141525
What is -3438 (base 10) in base 3?
-11201100
What is -7ac (base 13) in base 3?
-1211002
16772 (base 14) to base 6
1112520
Convert 390 (base 13) to base 7.
1551
Convert -2222 (base 15) to base 14.
-28c8
-730 (base 10) to base 6
-3214
What is -960 (base 11) in base 7?
-3240
Convert 21614 (base 10) to base 15.
660e
What is 1f8 (base 16) in base 4?
13320
Convert 403014 (base 5) to base 7.
52364
Convert -8b (base 16) to base 4.
-2023
-56a (base 16) to base 10
-1386
-110101001101101 (base 2) to base 15
-8115
Convert 52152 (base 7) to base 16.
31e9
10000001110 (base 2) to base 5
13123
Convert -1515 (base 11) to base 8.
-3640
Convert -1130 (base 8) to base 6.
-2440
What is 460 (base 16) in base 14?
5a0
Convert 100000101011 (base 2) to base 10.
2091
Convert 4402 (base 8) to base 15.
a3b
Convert 310110 (base 4) to base 15.
ed3
What is -402a (base 15) in base 2?
-11010011100100
2899 (base 10) to base 6
21231
What is -1001010110111 (base 2) in base 7?
-16653
What is -266604 (base 7) in base 13?
-19c11
-6033 (base 15) to base 14
-757c
Convert 394 (base 12) to base 14.
2ac
-1032034 (base 5) to base 3
-220101010
Convert -227 (base 13) to base 15.
-19b
What is -1233022 (base 4) in base 8?
-15712
199 (base 15) to base 11
306
What is 36c (base 16) in base 11?
727
What is -851 (base 11) in base 13?
-60a
Convert 1110210202 (base 3) to base 9.
43722
What is 400 (base 9) in base 12?
230
Convert 14b34 (base 12) to base 14.
a94c
What is -717 (base 11) in base 4?
-31201
Convert -373b (base 14) to base 5.
-302112
-b7 (base 16) to base 2
-10110111
What is -24477 (base 12) in base 14?
-13c39
What is -b6 (base 16) in base 15?
-c2
What is 1100001001111001 (base 2) in base 8?
141171
What is 6d1 (base 14) in base 7?
3651
Convert -1000011011 (base 2) to base 11.
-450
Convert 77411 (base 8) to base 9.
48544
What is -955 (base 11) in base 9?
-1516
52 (base 13) to base 11
61
-731 (base 13) to base 16
-4c7
Convert 4340 (base 5) to base 2.
1001010011
-271f (base 16) to base 3
-111201221
What is -dc9 (base 15) in base 13?
-1557
-21020023 (base 4) to base 2
-1001001000001011
Convert 20b (base 12) to base 4.
10223
What is -133444 (base 5) in base 12?
-3223
Convert 9b66 (base 14) to base 5.
1330232
-11211112 (base 3) to base 14
-13da
-1d7 (base 16) to base 14
-259
What is -649 (base 10) in base 8?
-1211
-5222 (base 13) to base 7
-45044
What is -3112 (base 11) in base 12?
-247b
15264 (base 8) to base 11
5155
1112111 (base 3) to base 16
460
Convert 41604 (base 7) to base 12.
5b19
Convert -302 (base 12) to base 6.
-2002
What is -1178 (base 10) in base 16?
-49a
100102202 (base 3) to base 13
3191
-601 (base 10) to base 8
-1131
Convert 5124 (base 8) to base 13.
1285
-36b (base 14) to base 8
-1253
6377 (base 10) to base 5
201002
Convert 92a7 (base 13) to base 11.
14238
What is 4a16 (base 11) in base 3?
22222122
-5a2 (base 13) to base 6
-4305
102112201 (base 3) to base 11
6361
Convert bb1a (base 12) to base 7.
114046
Convert -b63 (base 13) to base 2.
-11110010100
What is -4381 (base 14) in base 16?
-2d9d
-2908 (base 10) to base 9
-3881
What is -140313 (base 5) in base 16?
-164c
Convert -18056 (base 9) to base 2.
-11000010011100
What is 6538 (base 9) in base 2?
1001011001110
-4bb6 (base 15) to base 16
-3f12
What is 17cda (base 14) in base 16?
eb08
What is -100450 (base 7) in base 3?
-212101001
419a (base 15) to base 5
420440
What is -8290 (base 12) in base 3?
-201111200
300444 (base 5) to base 6
111551
Convert 555 (base 9) to base 3.
121212
What is -2750 (base 12) in base 11?
-3443
What is -123 (base 11) in base 14?
-a6
2252 (base 9) to base 2
11010000011
-126 (base 9) to base 15
-70
-1122011211 (base 3) to base 16
-7dce
Convert ade5 (base 15) to base 10.
36890
443 (base 16) to base 10
1091
4529 (base 15) to base 7
60516
What is 1332 (base 5) in base 8?
331
What is 3250 (base 7) in base 2?
10010001010
What is -57176 (base 9) in base 8?
-112252
Convert -3d7 (base 14) to base 3.
-1001210
Convert 10236 (base 7) to base 9.
3416
What is -162a (base 14) in base 12?
-235a
-2cd (base 15) to base 6
-2551
Convert -a701 (base 11) to base 9.
-21371
What is -7000 (base 11) in base 14?
-3577
c0 (base 15) to base 7
345
-12966 (base 10) to base 12
-7606
120110 (base 3) to base 7
1134
21131112 (base 4) to base 12
1a506
Convert a9 (base 14) to base 7.
302
-9b (base 13) to base 6
-332
What is -598b (base 16) in base 3?
-1011110000
What is 48e (base 16) in base 4?
102032
What is -12202222 (base 3) in base 2?
-1000001110011
-1100121201 (base 3) to base 6
-323331
13243 (base 5) to base 16
431
Convert -2213001 (base 4) to base 15.
-3279
-221454 (base 7) to base 13